5*r - 80. What is z(19)?
15
Let v(t) = 4*t**2 + 8*t + 3. Give v(-6).
99
Let c(f) = 7*f - 75. What is c(12)?
9
Let w(s) = s**3 + 9*s**2 - 8*s + 9. Give w(-10).
-11
Let p(x) = 40*x - 1. Calculate p(-1).
-41
Let f(r) = 13*r**2 + r. What is f(1)?
14
Let s(i) = i - 11. Give s(-8).
-19
Let i(d) = -2*d**2 + 24*d - 58. Determine i(7).
12
Let r(d) = -12*d - 41. Determine r(-6).
31
Let q(p) = 5*p - 14. Determine q(7).
21
Let t(z) = 4*z + 27. What is t(-7)?
-1
Let p(a) = a**2 - 14*a + 3. Calculate p(13).
-10
Let a(w) = -w**2 - 5*w + 1. Give a(-3).
7
Let l(s) = s**2 - 15*s + 65. Calculate l(9).
11
Let l(m) = -m**2 - 18*m + 18. Give l(-18).
18
Let r(x) = -x**2 - 9*x - 10. Calculate r(-8).
-2
Let v(g) = 18*g - 72. Determine v(9).
90
Let f(r) = -r**3 - 12*r**2 + 2*r + 14. Give f(-12).
-10
Let w(i) = i**2 - i - 82. Determine w(10).
8
Let t(h) = -h**3 + 14*h**2 + 4*h - 38. What is t(14)?
18
Let l(q) = -q**2 - 10*q - 7. Calculate l(-6).
17
Let r(u) = -27*u**2 - 4*u - 1. Determine r(-1).
-24
Let i(f) = -2*f**3 + 2*f**2 - 5*f + 11. Determine i(2).
-7
Let v(t) = -t**3 - 10*t**2 - 16*t + 12. Calculate v(-8).
12
Let k(d) = 8*d - 3. Determine k(3).
21
Let l(u) = u**3 - 5*u**2 - 8*u - 3. Calculate l(9).
249
Let m(s) = s**3 + 7*s**2 - 4*s - 2. Calculate m(-6).
58
Let w(n) = -6*n**2 + 18*n + 1. Calculate w(3).
1
Let l(n) = 2*n**2 - 22*n + 20. Give l(8).
-28
Let t(a) = -12*a - 9. Calculate t(6).
-81
Let a(z) = -z - 4. Determine a(-39).
35
Let b(d) = -9*d + 121. What is b(14)?
-5
Let h(a) = 2*a + 17. Calculate h(-5).
7
Let p(h) = -h**3 - h**2 + 13. Determine p(0).
13
Let q(m) = 2*m - 67. Give q(22).
-23
Let i(c) = -5*c - 40. Determine i(-9).
5
Let n(d) = -2*d**2 - 24*d - 12. What is n(-11)?
10
Let s(m) = -5*m - 1. Calculate s(-3).
14
Let a(i) = 5*i - 1. Calculate a(5).
24
Let l(q) = q**2 + 6*q + 1. Calculate l(-4).
-7
Let m(i) = -i**3 - 11*i**2 + 18*i + 59. What is m(-12)?
-13
Let v(r) = r + 8. Determine v(-4).
4
Let k(a) = -a**3 + 6*a**2 + 3*a + 15. Give k(7).
-13
Let b(a) = 6*a**2 + 5*a - 3. What is b(1)?
8
Let k(c) = 4*c**2 + 27*c + 18. Give k(-6).
0
Let s(y) = 112*y - 224. What is s(2)?
0
Let r(h) = 5*h - 115. Determine r(24).
5
Let j(g) = -111*g + 5. Give j(1).
-106
Let h(w) = 3*w + 30. Determine h(-11).
-3
Let t(b) = b**3 - 20*b**2 + 18*b + 23. Determine t(19).
4
Let x(c) = 6*c - 19. Give x(4).
5
Let g(o) = o + 7. What is g(-13)?
-6
Let b(y) = y**3 - 6*y**2 + 7*y - 3. Give b(5).
7
Let y(f) = f. Give y(-4).
-4
Let f(t) = -t**3 - t**2 + t + 5. What is f(0)?
5
Let g(s) = -s**2 - 6*s - 4. Calculate g(-7).
-11
Let x(n) = -3*n + 47. Determine x(15).
2
Let t(d) = -2*d - 16. Determine t(-5).
-6
Let o(w) = -32*w - 43. Calculate o(-2).
21
Let l(i) = 10*i**3 + 3*i**2 + i - 2. Calculate l(-1).
-10
Let n(h) = -h**3 - 15*h**2 + h - 15. Give n(-15).
-30
Let m(q) = -q**3 - 19*q**2 - 3*q - 5. Calculate m(-19).
52
Let r(l) = 5*l + 94. Determine r(-21).
-11
Let b(d) = 2*d**3 + 17*d**2 - 12*d - 30. What is b(-9)?
-3
Let x(p) = p**2 + p + 14. Determine x(0).
14
Let u(k) = 5*k**3 - 25*k**2 + 5*k - 21. Determine u(5).
4
Let p(x) = -13*x**2 - 3*x + 3. Calculate p(1).
-13
Let t(c) = 2*c**3 + c**2 - c - 1. Calculate t(-2).
-11
Let z(j) = -2*j + 2. Give z(6).
-10
Let a(q) = -q**2 + 16*q - 19. What is a(14)?
9
Let g(t) = -5*t + 3. What is g(-3)?
18
Let z(m) = -10*m + 1. Determine z(4).
-39
Let p(c) = -9*c - 85. Give p(-9).
-4
Let v(m) = m**3 - 10*m**2 - 4*m + 49. What is v(10)?
9
Let c(g) = 4*g + 14. Give c(-3).
2
Let o(y) = -y**3 - 8*y**2 - y - 1. Determine o(-8).
7
Let d(i) = -i**3 - 25*i**2 + 26*i + 2. What is d(-26)?
2
Let j(s) = -s**3 - s**2 + s + 5. What is j(0)?
5
Let r(l) = -l + 18. What is r(11)?
7
Let r(a) = a**3 - 7*a**2 + 13*a - 5. Give r(6).
37
Let i(l) = -l**3 - 2*l**2 + 2*l + 176. Calculate i(0).
176
Let v(l) = l**3 + 2*l**2 - 8*l + 2. Calculate v(-4).
2
Let p(g) = 22*g + 105. What is p(-5)?
-5
Let n(s) = -4*s + 107. Calculate n(24).
11
Let o(k) = -2*k**3 - 3*k**2 - 2*k + 9. What is o(4)?
-175
Let c(m) = m**2 + 14*m + 32. Determine c(-6).
-16
Let p(r) = 37*r + 68. Determine p(-2).
-6
Let q(x) = 12*x - 24. What is q(2)?
0
Let f(l) = l**3 + l**2 - l - 9. What is f(0)?
-9
Let f(p) = 2*p - 3. Calculate f(6).
9
Let j(n) = n - 2. Give j(-4).
-6
Let u(t) = -t**3 + 13*t**2 - t + 10. Determine u(13).
-3
Let b(d) = d**2 + 6*d - 1. What is b(-7)?
6
Let h(p) = -11*p - 224. Determine h(-21).
7
Let a(s) = -s**3 + s**2 - 2*s - 41. What is a(0)?
-41
Let n(j) = 2*j**2 + 5*j - 7. Give n(-3).
-4
Let r(i) = i**3 + i**2 + i - 3. Calculate r(2).
11
Let p(x) = -5*x + 123. Give p(24).
3
Let u(p) = 2*p + 5. What is u(5)?
15
Let a(n) = 6*n - 4. Determine a(5).
26
Let n(d) = d**3 + 5*d**2 - 12*d - 2. Determine n(-7).
-16
Let k(s) = -10*s + 13. Give k(6).
-47
Let w(c) = 2*c - 11. What is w(0)?
-11
Let o(c) = c**3 - 18*c**2 - 61*c - 48. What is o(21)?
-6
Let t(d) = -3*d + 29. Determine t(12).
-7
Let l(r) = -r + 2. Calculate l(5).
-3
Let m(f) = -34*f + 3. Calculate m(1).
-31
Let x(u) = u**3 - 20*u**2 - 21*u - 15. What is x(21)?
-15
Let w(j) = 3*j**2 + 18*j - 7. What is w(-6)?
-7
Let s(q) = 3*q - 4. Determine s(1).
-1
Let g(r) = 2*r - 27. Give g(15).
3
Let k(f) = f**2 - f - 15. Determine k(-6).
27
Let v(f) = f**2 - 11*f + 7. Calculate v(10).
-3
Let c(v) = 7*v + 116. What is c(-16)?
4
Let p(k) = k**2 - 6*k - 2. Calculate p(6).
-2
Let v(r) = 6*r - 138. Determine v(17).
-36
Let l(u) = u**2 - 18*u + 76. Calculate l(11).
-1
Let j(d) = -2*d + 21. Calculate j(19).
-17
Let m(p) = -42*p**2 - p + 1. Give m(1).
-42
Let k(n) = -12*n**3 + 2*n**2 - 1. Determine k(-1).
13
Let u(l) = 2*l**2 + 25*l + 13. Determine u(-16).
125
Let k(h) = -2*h - 38. Calculate k(-27).
16
Let f(g) = -g**3 - 30*g**2 - 32*g - 76. Calculate f(-29).
11
Let l(c) = c**3 + c**2 - 11*c - 29. Calculate l(-6).
-143
Let m(z) = 10*z - 24. Determine m(5).
26
Let k(g) = -g**2 + 4*g + 1. Determine k(3).
4
Let k(c) = -72*c**2 - 5*c + 6. What is k(1)?
-71
Let u(s) = -s**2 - 5*s + 34. Determine u(3).
10
Let f(m) = m**3 + 8*m**2 - 5*m - 2. Calculate f(-9).
-38
Let s(l) = -2*l - 34. Give s(-15).
-4
Let c(r) = 3*r - 5. Determine c(12).
31
Let h(z) = -z**2 + 6*z + 65. What is h(12)?
-7
Let j(n) = -n**3 - 12*n**2 + n + 5. Give j(-12).
-7
Let a(d) = 14*d + 1. Give a(-1).
-13
Let l(m) = m**2 - 14*m + 23. Give l(12).
-1
Let f(c) = 11*c - 28. Calculate f(3).
5
Let f(r) = r**2 - 10*r - 12. Calculate f(-8).
132
Let l(z) = 2*z**3 + 21*z**2 + 12*z + 6. What is l(-10)?
-14
Let b(i) = 6*i + 2. Determine b(-7).
-40
Let p(y) = 25*y**2 - 1. Calculate p(1).
24
Let b(s) = s**3 + 16*s**2 - s - 23. What is b(-16)?
-7
Let u(d) = 6*d**3 - d**2 + 3. Give u(2).
47
Let f(c) = -c**3 - 10*c**2 + 8*c + 9. Determine f(-10).
-71
Let n(v) = -8*v. Calculate n(-5).
40
Let p(g) = -98*g + 478. Determine p(5).
-12
Let j(u) = u**3 - 12*u**2 + 13*u - 16. What is j(11)?
6
Let o(d) = -11*d**3 + d**2 + d - 2. Determine o(1).
-11
Let q(s) = -3*s + 3. Determine q(8).
-21
Let p(f) = f**2 - 10. What is p(-3)?
-1
Let u(k) = k**2 - 9*k + 11. Give u(10).
21
Let t(a) = -60*a**2 - 2*a + 1. Determine t(1).
-61
Let a(d) = -d**3 - 3*d**2 + 29*d - 8. Calculate a(4).
-4
Let r(x) = -x**2 + 4*x. Give r(6).
-12
Let i(z) = -z**2 + 6*z + 6. What is i(6)?
6
Let q(b) = -7*b**3 - 3*b**2 - 9*b + 3. Calculate q(-3).
192
Let r(v) = 22*v - 21. Determine r(1).
1
Let i(a) = -a**2 - 2*a - 3. What is i(4)?
-27
Let x(u) = -7*u + 1. Calculate x(-2).
15
Let f(h) = -2*h + 35. Calculate f(17).
1
Let m(c) = 3*c**2 + 11*c + 2. Give m(-3).
-4
Let y(n) = n**2 - 4*n + 1. What is y(1)?
-2
Let z(a) = a**2 - a - 1. What is z(4)?
11
Let m(b) = 45*b + 9. Calculate m(-4).
-171
Let z(q) = -q**2 - 8*q + 5. Give z(-9).
-4
Let h(i) = -i**3 + 9*i**2 + 23*i + 1. Calculate h(10).
131
Let k(f) = f**2 + 4*f - 1. What is k(-3)?
-4
Let y(x) = x**2 + 7*x + 10. Determine y(-6).
4
Let o(p) = -11*p + 2. Determine o(-3).
35
Let z(d) = d**2 + 12*d - 317. Give z(13).
8
Let x(v) = 4*v - 83. Give x(23).
9
Let f(r) = 252*r + 1512. What is f(-6)?
0
Let q(g) = -3*g + 11. Give q(6).
-7
Let l(b) = -11*b**3 - b**2 - 2. Determine l(-2).
82
Let o(s) = s**3 + 11*s**2 + 10*s - 10. Calculate o(-8).
102
Let b(c) = -c**3 + 17*c**2 + 22*c + 4. What is b(18)?
76
Let q(c) = 2*c - 1. What is q(-6)?
-13
Let g(v) = -4*v - 6. Give g(5).
-26
Let m(s) = -s**2 - 15*s - 58. Determine m(-7)